{"id":8,"date":"2026-04-10T06:28:19","date_gmt":"2026-04-10T06:28:19","guid":{"rendered":"https:\/\/elenagarciaprocuradora.com\/?page_id=8"},"modified":"2026-04-23T07:01:46","modified_gmt":"2026-04-23T07:01:46","slug":"8-2","status":"publish","type":"page","link":"https:\/\/elenagarciaprocuradora.com\/","title":{"rendered":"Inicio"},"content":{"rendered":"\n<div class=\"wp-block-cover alignfull is-light has-custom-content-position is-position-bottom-center\" style=\"margin-top:0;margin-bottom:0;padding-top:var(--wp--preset--spacing--40);padding-right:var(--wp--preset--spacing--40);padding-bottom:var(--wp--preset--spacing--40);padding-left:var(--wp--preset--spacing--40);min-height:473px;aspect-ratio:unset;\"><img loading=\"lazy\" decoding=\"async\" width=\"1200\" height=\"900\" class=\"wp-block-cover__image-background wp-image-353 size-full\" alt=\"\" src=\"https:\/\/elenagarciaprocuradora.com\/wp-content\/uploads\/2026\/04\/107d5214760c09e590109bb28cb5aeb3-1.webp\" style=\"object-position:38% 4%\" data-object-fit=\"cover\" data-object-position=\"38% 4%\" srcset=\"https:\/\/elenagarciaprocuradora.com\/wp-content\/uploads\/2026\/04\/107d5214760c09e590109bb28cb5aeb3-1.webp 1200w, https:\/\/elenagarciaprocuradora.com\/wp-content\/uploads\/2026\/04\/107d5214760c09e590109bb28cb5aeb3-1-300x225.webp 300w, https:\/\/elenagarciaprocuradora.com\/wp-content\/uploads\/2026\/04\/107d5214760c09e590109bb28cb5aeb3-1-1024x768.webp 1024w, https:\/\/elenagarciaprocuradora.com\/wp-content\/uploads\/2026\/04\/107d5214760c09e590109bb28cb5aeb3-1-768x576.webp 768w\" sizes=\"auto, (max-width: 1200px) 100vw, 1200px\" \/><span aria-hidden=\"true\" class=\"wp-block-cover__background has-background-dim\" style=\"background-color:#8d857f\"><\/span><div class=\"wp-block-cover__inner-container has-global-padding is-layout-constrained wp-container-core-cover-is-layout-1bc0b3ce wp-block-cover-is-layout-constrained\">\n<div class=\"wp-block-group alignwide fix-hero has-global-padding is-content-justification-left is-layout-constrained wp-container-core-group-is-layout-12dd3699 wp-block-group-is-layout-constrained\">\n<h2 class=\"wp-block-heading has-text-align-left has-base-color has-text-color has-link-color has-large-font-size wp-elements-8ae3beb31450d8eeef0f6aa2c0d25027\">Eficiencia que marca la diferencia.<\/h2>\n\n\n\n<p class=\"has-base-color has-text-color has-link-color has-medium-font-size wp-elements-253b232985bf0aaffcd98bcd86142f05\">Actuaci\u00f3n en la provincia de Girona, Barcelona ciudad y Madrid ciudad<\/p>\n\n\n\n<p class=\"has-base-color has-text-color has-link-color has-small-font-size wp-elements-9fb64f658284a7237371d066828ea8dc\">Gesti\u00f3n eficaz de procedimientos judiciales, con trato cercano y comunicaci\u00f3n directa en cada caso.<\/p>\n\n\n\n<div class=\"wp-block-buttons is-layout-flex wp-block-buttons-is-layout-flex\">\n<div class=\"wp-block-button\"><a class=\"wp-block-button__link wp-element-button\" href=\"https:\/\/elenagarciaprocuradora.com\/index.php\/contacto\/\">Contactar<\/a><\/div>\n<\/div>\n<\/div>\n<\/div><\/div>\n\n\n\n<div class=\"wp-block-group alignfull is-style-section-5 has-global-padding is-layout-constrained wp-block-group-is-layout-constrained is-style-section-5--1\" style=\"margin-top:0;margin-bottom:0;padding-top:var(--wp--preset--spacing--50);padding-bottom:var(--wp--preset--spacing--50)\">\n<div class=\"wp-block-columns alignwide is-layout-flex wp-container-core-columns-is-layout-7ee84d44 wp-block-columns-is-layout-flex\">\n<div class=\"wp-block-column is-vertically-aligned-center is-layout-flow wp-block-column-is-layout-flow\" style=\"flex-basis:50%\">\n<h2 class=\"wp-block-heading has-medium-font-size\">Elena Garcia  Alonso <\/h2>\n\n\n\n<p class=\"has-small-font-size\">Procuradora de los Tribunales con experiencia en la representaci\u00f3n procesal de particulares y empresas, ofreciendo un servicio \u00e1gil, cercano y eficaz en cada procedimiento.<\/p>\n\n\n\n<p class=\"has-small-font-size\">Act\u00fao en la provincia de Girona, Barcelona y Madrid, garantizando una gesti\u00f3n diligente, el cumplimiento de plazos y un seguimiento constante de cada caso.<\/p>\n\n\n\n<p class=\"has-small-font-size\">Mi compromiso es ofrecer un trato profesional, transparente y personalizado, facilitando la comunicaci\u00f3n entre juzgados, abogados y clientes para asegurar el correcto desarrollo del proceso judicial.<\/p>\n<\/div>\n\n\n\n<div class=\"wp-block-column is-vertically-aligned-center is-layout-flow wp-block-column-is-layout-flow\" style=\"flex-basis:50%\">\n<figure class=\"wp-block-image size-large is-resized has-custom-border\"><img loading=\"lazy\" decoding=\"async\" width=\"768\" height=\"1024\" src=\"https:\/\/elenagarciaprocuradora.com\/wp-content\/uploads\/2026\/04\/foto-Elena-768x1024.jpg\" alt=\"\" class=\"wp-image-9\" style=\"border-top-left-radius:21px;border-top-right-radius:21px;border-bottom-left-radius:21px;border-bottom-right-radius:21px;width:414px;height:auto\" srcset=\"https:\/\/elenagarciaprocuradora.com\/wp-content\/uploads\/2026\/04\/foto-Elena-768x1024.jpg 768w, https:\/\/elenagarciaprocuradora.com\/wp-content\/uploads\/2026\/04\/foto-Elena-225x300.jpg 225w, https:\/\/elenagarciaprocuradora.com\/wp-content\/uploads\/2026\/04\/foto-Elena-1152x1536.jpg 1152w, https:\/\/elenagarciaprocuradora.com\/wp-content\/uploads\/2026\/04\/foto-Elena-1536x2048.jpg 1536w, https:\/\/elenagarciaprocuradora.com\/wp-content\/uploads\/2026\/04\/foto-Elena-scaled.jpg 1920w\" sizes=\"auto, (max-width: 768px) 100vw, 768px\" \/><\/figure>\n<\/div>\n<\/div>\n<\/div>\n\n\n\n<div class=\"wp-block-group alignfull has-global-padding is-layout-constrained wp-block-group-is-layout-constrained\" style=\"margin-top:0;margin-bottom:0\">\n<div class=\"wp-block-group alignwide is-layout-grid wp-container-core-group-is-layout-5fdb10e5 wp-block-group-is-layout-grid\" style=\"padding-top:var(--wp--preset--spacing--50);padding-bottom:var(--wp--preset--spacing--50)\">\n<div class=\"wp-block-group is-vertical is-content-justification-stretch is-nowrap is-layout-flex wp-container-core-group-is-layout-627337ab wp-block-group-is-layout-flex\">\n<div class=\"wp-block-group is-vertical is-content-justification-left is-layout-flex wp-container-core-group-is-layout-dd225191 wp-block-group-is-layout-flex\">\n<h2 class=\"wp-block-heading is-style-text-annotation has-medium-font-size is-style-text-annotation--2\"><strong>Sobre m\u00ed<\/strong><\/h2>\n\n\n\n<p class=\"is-style-text-subtitle has-small-font-size is-style-text-subtitle--3\">Procuradora de los Tribunales en Barcelona ciudad, provincia de Girona y Madrid ciudad<br>Desarrollo mi actividad profesional en las provincias de Barcelona, Girona y Madrid desde una perspectiva moderna, \u00e1gil y plenamente adaptada a la realidad actual del sistema judicial.<br>Apuesto por una procuradur\u00eda eficiente, resolutiva y alineada con los nuevos tiempos, donde la organizaci\u00f3n, la tecnolog\u00eda y la cercan\u00eda marcan la diferencia.<\/p>\n\n\n\n<p class=\"is-style-text-subtitle has-small-font-size is-style-text-subtitle--4\"><br>Cada procedimiento es importante y requiere dedicaci\u00f3n, precisi\u00f3n y responsabilidad.<br>Mi objetivo es garantizar que cada tr\u00e1mite procesal se realice con rigor, puntualidad y seguridad jur\u00eddica. Por ello, ofrezco un servicio profesional orientado a la eficacia, la seguridad y la tranquilidad de quienes depositan su confianza en m\u00ed.<\/p>\n\n\n\n<p class=\"is-style-text-subtitle has-small-font-size is-style-text-subtitle--5\">Mi visi\u00f3n profesional se basa en:<br>\u2022 Digitalizaci\u00f3n y gesti\u00f3n telem\u00e1tica avanzada.<br>\u2022 Control riguroso y diario de plazos y notificaciones.<br>\u2022 Comunicaci\u00f3n r\u00e1pida, clara y constante con letrados y clientes.<br>\u2022 Capacidad de anticipaci\u00f3n ante posibles incidencias procesales.<br>\u2022 Actualizaci\u00f3n permanente en cambios normativos y tecnol\u00f3gicos.<\/p>\n<\/div>\n\n\n\n<figure class=\"wp-block-image size-full has-custom-border wp-duotone-111111-ffffff-6\"><img loading=\"lazy\" decoding=\"async\" width=\"1200\" height=\"675\" src=\"https:\/\/elenagarciaprocuradora.com\/wp-content\/uploads\/2026\/04\/WhatsApp-Image-2026-04-16-at-12.24.04-PM.jpeg\" alt=\"\" class=\"wp-image-147\" style=\"border-top-left-radius:21px;border-top-right-radius:21px;border-bottom-left-radius:21px;border-bottom-right-radius:21px;aspect-ratio:16\/9;object-fit:cover\" srcset=\"https:\/\/elenagarciaprocuradora.com\/wp-content\/uploads\/2026\/04\/WhatsApp-Image-2026-04-16-at-12.24.04-PM.jpeg 1200w, https:\/\/elenagarciaprocuradora.com\/wp-content\/uploads\/2026\/04\/WhatsApp-Image-2026-04-16-at-12.24.04-PM-300x169.jpeg 300w, https:\/\/elenagarciaprocuradora.com\/wp-content\/uploads\/2026\/04\/WhatsApp-Image-2026-04-16-at-12.24.04-PM-1024x576.jpeg 1024w, https:\/\/elenagarciaprocuradora.com\/wp-content\/uploads\/2026\/04\/WhatsApp-Image-2026-04-16-at-12.24.04-PM-768x432.jpeg 768w\" sizes=\"auto, (max-width: 1200px) 100vw, 1200px\" \/><\/figure>\n<\/div>\n\n\n\n<figure class=\"wp-block-image size-full has-custom-border is-style-default wp-container-content-5fd69529 wp-duotone-111111-ffffff-7\" style=\"margin-top:0;margin-bottom:0\"><img loading=\"lazy\" decoding=\"async\" width=\"683\" height=\"1024\" src=\"https:\/\/elenagarciaprocuradora.com\/wp-content\/uploads\/2026\/04\/WhatsApp-Image-2026-04-16-at-12.22.15-PM-edited-1.jpeg\" alt=\"\" class=\"wp-image-245\" style=\"border-top-left-radius:21px;border-top-right-radius:21px;border-bottom-left-radius:21px;border-bottom-right-radius:21px;aspect-ratio:3\/4;object-fit:cover\" srcset=\"https:\/\/elenagarciaprocuradora.com\/wp-content\/uploads\/2026\/04\/WhatsApp-Image-2026-04-16-at-12.22.15-PM-edited-1.jpeg 683w, https:\/\/elenagarciaprocuradora.com\/wp-content\/uploads\/2026\/04\/WhatsApp-Image-2026-04-16-at-12.22.15-PM-edited-1-200x300.jpeg 200w\" sizes=\"auto, (max-width: 683px) 100vw, 683px\" \/><\/figure>\n<\/div>\n<\/div>\n\n\n\n<div class=\"wp-block-group alignfull has-global-padding is-layout-constrained wp-block-group-is-layout-constrained\" style=\"margin-top:0;margin-bottom:0\">\n<div class=\"wp-block-group alignwide is-layout-flow wp-container-core-group-is-layout-d58a0413 wp-block-group-is-layout-flow\" style=\"padding-top:var(--wp--preset--spacing--50);padding-bottom:var(--wp--preset--spacing--50)\">\n<h2 class=\"wp-block-heading has-large-font-size\">Preguntas m\u00e1s frecuentes<\/h2>\n\n\n\n<div class=\"wp-block-columns is-layout-flex wp-container-core-columns-is-layout-cbe57604 wp-block-columns-is-layout-flex\">\n<div class=\"wp-block-column is-layout-flow wp-block-column-is-layout-flow\">\n<div class=\"wp-block-group is-layout-flow wp-block-group-is-layout-flow\" style=\"border-top-color:var(--wp--preset--color--accent-6);border-top-width:1px;padding-top:var(--wp--preset--spacing--30);padding-bottom:var(--wp--preset--spacing--30)\">\n<h3 class=\"wp-block-heading has-medium-font-size\">\u00bfC\u00f3mo es el proceso desde que contacto contigo?<\/h3>\n\n\n\n<p class=\"has-small-font-size\">Tras el primer contacto, analizamos el caso y la documentaci\u00f3n necesaria. A partir de ah\u00ed, se inicia la gesti\u00f3n procesal asegurando una tramitaci\u00f3n \u00e1gil y el cumplimiento de todos los plazos judiciales.<\/p>\n<\/div>\n<\/div>\n\n\n\n<div class=\"wp-block-column is-layout-flow wp-block-column-is-layout-flow\">\n<div class=\"wp-block-group is-layout-flow wp-block-group-is-layout-flow\" style=\"border-top-color:var(--wp--preset--color--accent-6);border-top-width:1px;padding-top:var(--wp--preset--spacing--30);padding-bottom:var(--wp--preset--spacing--30)\">\n<h3 class=\"wp-block-heading has-medium-font-size\">\u00bfQu\u00e9 tipo de procedimientos gestionas habitualmente?<\/h3>\n\n\n\n<p class=\"has-small-font-size\">Trabajo en todo tipo de procedimientos judiciales, tanto en el \u00e1mbito civil como mercantil, adaptando cada actuaci\u00f3n a las necesidades concretas del caso.<\/p>\n<\/div>\n<\/div>\n<\/div>\n\n\n\n<div class=\"wp-block-columns is-layout-flex wp-container-core-columns-is-layout-cbe57604 wp-block-columns-is-layout-flex\">\n<div class=\"wp-block-column is-layout-flow wp-block-column-is-layout-flow\">\n<div class=\"wp-block-group is-layout-flow wp-block-group-is-layout-flow\" style=\"border-top-color:var(--wp--preset--color--accent-6);border-top-width:1px;padding-top:var(--wp--preset--spacing--30);padding-bottom:var(--wp--preset--spacing--30)\">\n<h3 class=\"wp-block-heading has-medium-font-size\">\u00bfC\u00f3mo se realiza el seguimiento del procedimiento?<\/h3>\n\n\n\n<p class=\"has-small-font-size\">Mantengo una comunicaci\u00f3n constante con el cliente y el despacho, informando de cada avance relevante y asegurando que todas las actuaciones se realizan en tiempo y forma.<\/p>\n<\/div>\n<\/div>\n\n\n\n<div class=\"wp-block-column is-layout-flow wp-block-column-is-layout-flow\">\n<div class=\"wp-block-group is-layout-flow wp-block-group-is-layout-flow\" style=\"border-top-color:var(--wp--preset--color--accent-6);border-top-width:1px;padding-top:var(--wp--preset--spacing--30);padding-bottom:var(--wp--preset--spacing--30)\">\n<h3 class=\"wp-block-heading has-medium-font-size\">\u00bfC\u00f3mo puedo solicitar informaci\u00f3n o contactar?<\/h3>\n\n\n\n<p class=\"has-small-font-size\">Puedes contactar por tel\u00e9fono, correo electr\u00f3nico o a trav\u00e9s del formulario de la web. Cada consulta se atiende de forma personalizada y con la mayor rapidez posible.<\/p>\n<\/div>\n<\/div>\n<\/div>\n<\/div>\n<\/div>\n\n\n\n<p><\/p>\n","protected":false},"excerpt":{"rendered":"<p>Elena Garcia Alonso Procuradora de los Tribunales con experiencia en la representaci\u00f3n procesal de particulares y empresas, ofreciendo un servicio \u00e1gil, cercano y eficaz en cada procedimiento. Act\u00fao en la provincia de Girona, Barcelona y Madrid, garantizando una gesti\u00f3n diligente, el cumplimiento de plazos y un seguimiento constante de cada caso. Mi compromiso es ofrecer [&hellip;]<\/p>\n","protected":false},"author":1,"featured_media":0,"parent":0,"menu_order":0,"comment_status":"closed","ping_status":"closed","template":"","meta":{"footnotes":""},"class_list":["post-8","page","type-page","status-publish","hentry"],"yoast_head":"<!-- This site is optimized with the Yoast SEO plugin v27.3 - https:\/\/yoast.com\/product\/yoast-seo-wordpress\/ -->\n<title>Inicio - Elena Garcia Alonso<\/title>\n<meta name=\"description\" content=\"Procuradora en Girona, Barcelona y Madrid. Gesti\u00f3n de procedimientos judiciales con rapidez, confianza y atenci\u00f3n personalizada.\" \/>\n<meta name=\"robots\" content=\"index, follow, max-snippet:-1, max-image-preview:large, max-video-preview:-1\" \/>\n<link rel=\"canonical\" href=\"https:\/\/elenagarciaprocuradora.com\/\" \/>\n<meta property=\"og:locale\" content=\"es_ES\" \/>\n<meta property=\"og:type\" content=\"article\" \/>\n<meta property=\"og:title\" content=\"Inicio - Elena Garcia Alonso\" \/>\n<meta property=\"og:description\" content=\"Procuradora en Girona, Barcelona y Madrid. Gesti\u00f3n de procedimientos judiciales con rapidez, confianza y atenci\u00f3n personalizada.\" \/>\n<meta property=\"og:url\" content=\"https:\/\/elenagarciaprocuradora.com\/\" \/>\n<meta property=\"og:site_name\" content=\"Elena Garcia Alonso\" \/>\n<meta property=\"article:modified_time\" content=\"2026-04-23T07:01:46+00:00\" \/>\n<meta property=\"og:image\" content=\"https:\/\/elenagarciaprocuradora.com\/wp-content\/uploads\/2026\/04\/107d5214760c09e590109bb28cb5aeb3-1.webp\" \/>\n\t<meta property=\"og:image:width\" content=\"1200\" \/>\n\t<meta property=\"og:image:height\" content=\"900\" \/>\n\t<meta property=\"og:image:type\" content=\"image\/webp\" \/>\n<meta name=\"twitter:card\" content=\"summary_large_image\" \/>\n<meta name=\"twitter:label1\" content=\"Tiempo de lectura\" \/>\n\t<meta name=\"twitter:data1\" content=\"3 minutos\" \/>\n<script type=\"application\/ld+json\" class=\"yoast-schema-graph\">{\"@context\":\"https:\\\/\\\/schema.org\",\"@graph\":[{\"@type\":\"WebPage\",\"@id\":\"https:\\\/\\\/elenagarciaprocuradora.com\\\/\",\"url\":\"https:\\\/\\\/elenagarciaprocuradora.com\\\/\",\"name\":\"Inicio - Elena Garcia Alonso\",\"isPartOf\":{\"@id\":\"https:\\\/\\\/elenagarciaprocuradora.com\\\/#website\"},\"primaryImageOfPage\":{\"@id\":\"https:\\\/\\\/elenagarciaprocuradora.com\\\/#primaryimage\"},\"image\":{\"@id\":\"https:\\\/\\\/elenagarciaprocuradora.com\\\/#primaryimage\"},\"thumbnailUrl\":\"https:\\\/\\\/elenagarciaprocuradora.com\\\/wp-content\\\/uploads\\\/2026\\\/04\\\/107d5214760c09e590109bb28cb5aeb3-1.webp\",\"datePublished\":\"2026-04-10T06:28:19+00:00\",\"dateModified\":\"2026-04-23T07:01:46+00:00\",\"description\":\"Procuradora en Girona, Barcelona y Madrid. Gesti\u00f3n de procedimientos judiciales con rapidez, confianza y atenci\u00f3n personalizada.\",\"breadcrumb\":{\"@id\":\"https:\\\/\\\/elenagarciaprocuradora.com\\\/#breadcrumb\"},\"inLanguage\":\"es\",\"potentialAction\":[{\"@type\":\"ReadAction\",\"target\":[\"https:\\\/\\\/elenagarciaprocuradora.com\\\/\"]}]},{\"@type\":\"ImageObject\",\"inLanguage\":\"es\",\"@id\":\"https:\\\/\\\/elenagarciaprocuradora.com\\\/#primaryimage\",\"url\":\"https:\\\/\\\/elenagarciaprocuradora.com\\\/wp-content\\\/uploads\\\/2026\\\/04\\\/107d5214760c09e590109bb28cb5aeb3-1.webp\",\"contentUrl\":\"https:\\\/\\\/elenagarciaprocuradora.com\\\/wp-content\\\/uploads\\\/2026\\\/04\\\/107d5214760c09e590109bb28cb5aeb3-1.webp\",\"width\":1200,\"height\":900},{\"@type\":\"BreadcrumbList\",\"@id\":\"https:\\\/\\\/elenagarciaprocuradora.com\\\/#breadcrumb\",\"itemListElement\":[{\"@type\":\"ListItem\",\"position\":1,\"name\":\"Portada\",\"item\":\"https:\\\/\\\/elenagarciaprocuradora.com\\\/\"},{\"@type\":\"ListItem\",\"position\":2,\"name\":\"Inicio\"}]},{\"@type\":\"WebSite\",\"@id\":\"https:\\\/\\\/elenagarciaprocuradora.com\\\/#website\",\"url\":\"https:\\\/\\\/elenagarciaprocuradora.com\\\/\",\"name\":\"Elena Garcia Alonso\",\"description\":\"Procuradora dels tribunals\",\"publisher\":{\"@id\":\"https:\\\/\\\/elenagarciaprocuradora.com\\\/#organization\"},\"potentialAction\":[{\"@type\":\"SearchAction\",\"target\":{\"@type\":\"EntryPoint\",\"urlTemplate\":\"https:\\\/\\\/elenagarciaprocuradora.com\\\/?s={search_term_string}\"},\"query-input\":{\"@type\":\"PropertyValueSpecification\",\"valueRequired\":true,\"valueName\":\"search_term_string\"}}],\"inLanguage\":\"es\"},{\"@type\":\"Organization\",\"@id\":\"https:\\\/\\\/elenagarciaprocuradora.com\\\/#organization\",\"name\":\"Elena Garcia Alonso\",\"url\":\"https:\\\/\\\/elenagarciaprocuradora.com\\\/\",\"logo\":{\"@type\":\"ImageObject\",\"inLanguage\":\"es\",\"@id\":\"https:\\\/\\\/elenagarciaprocuradora.com\\\/#\\\/schema\\\/logo\\\/image\\\/\",\"url\":\"https:\\\/\\\/elenagarciaprocuradora.com\\\/wp-content\\\/uploads\\\/2026\\\/04\\\/74e45ecd-b0f2-49bd-bbb1-cf7cbc90d0b4.png\",\"contentUrl\":\"https:\\\/\\\/elenagarciaprocuradora.com\\\/wp-content\\\/uploads\\\/2026\\\/04\\\/74e45ecd-b0f2-49bd-bbb1-cf7cbc90d0b4.png\",\"width\":500,\"height\":500,\"caption\":\"Elena Garcia Alonso\"},\"image\":{\"@id\":\"https:\\\/\\\/elenagarciaprocuradora.com\\\/#\\\/schema\\\/logo\\\/image\\\/\"}}]}<\/script>\n<!-- \/ Yoast SEO plugin. -->","yoast_head_json":{"title":"Inicio - Elena Garcia Alonso","description":"Procuradora en Girona, Barcelona y Madrid. Gesti\u00f3n de procedimientos judiciales con rapidez, confianza y atenci\u00f3n personalizada.","robots":{"index":"index","follow":"follow","max-snippet":"max-snippet:-1","max-image-preview":"max-image-preview:large","max-video-preview":"max-video-preview:-1"},"canonical":"https:\/\/elenagarciaprocuradora.com\/","og_locale":"es_ES","og_type":"article","og_title":"Inicio - Elena Garcia Alonso","og_description":"Procuradora en Girona, Barcelona y Madrid. Gesti\u00f3n de procedimientos judiciales con rapidez, confianza y atenci\u00f3n personalizada.","og_url":"https:\/\/elenagarciaprocuradora.com\/","og_site_name":"Elena Garcia Alonso","article_modified_time":"2026-04-23T07:01:46+00:00","og_image":[{"width":1200,"height":900,"url":"https:\/\/elenagarciaprocuradora.com\/wp-content\/uploads\/2026\/04\/107d5214760c09e590109bb28cb5aeb3-1.webp","type":"image\/webp"}],"twitter_card":"summary_large_image","twitter_misc":{"Tiempo de lectura":"3 minutos"},"schema":{"@context":"https:\/\/schema.org","@graph":[{"@type":"WebPage","@id":"https:\/\/elenagarciaprocuradora.com\/","url":"https:\/\/elenagarciaprocuradora.com\/","name":"Inicio - Elena Garcia Alonso","isPartOf":{"@id":"https:\/\/elenagarciaprocuradora.com\/#website"},"primaryImageOfPage":{"@id":"https:\/\/elenagarciaprocuradora.com\/#primaryimage"},"image":{"@id":"https:\/\/elenagarciaprocuradora.com\/#primaryimage"},"thumbnailUrl":"https:\/\/elenagarciaprocuradora.com\/wp-content\/uploads\/2026\/04\/107d5214760c09e590109bb28cb5aeb3-1.webp","datePublished":"2026-04-10T06:28:19+00:00","dateModified":"2026-04-23T07:01:46+00:00","description":"Procuradora en Girona, Barcelona y Madrid. Gesti\u00f3n de procedimientos judiciales con rapidez, confianza y atenci\u00f3n personalizada.","breadcrumb":{"@id":"https:\/\/elenagarciaprocuradora.com\/#breadcrumb"},"inLanguage":"es","potentialAction":[{"@type":"ReadAction","target":["https:\/\/elenagarciaprocuradora.com\/"]}]},{"@type":"ImageObject","inLanguage":"es","@id":"https:\/\/elenagarciaprocuradora.com\/#primaryimage","url":"https:\/\/elenagarciaprocuradora.com\/wp-content\/uploads\/2026\/04\/107d5214760c09e590109bb28cb5aeb3-1.webp","contentUrl":"https:\/\/elenagarciaprocuradora.com\/wp-content\/uploads\/2026\/04\/107d5214760c09e590109bb28cb5aeb3-1.webp","width":1200,"height":900},{"@type":"BreadcrumbList","@id":"https:\/\/elenagarciaprocuradora.com\/#breadcrumb","itemListElement":[{"@type":"ListItem","position":1,"name":"Portada","item":"https:\/\/elenagarciaprocuradora.com\/"},{"@type":"ListItem","position":2,"name":"Inicio"}]},{"@type":"WebSite","@id":"https:\/\/elenagarciaprocuradora.com\/#website","url":"https:\/\/elenagarciaprocuradora.com\/","name":"Elena Garcia Alonso","description":"Procuradora dels tribunals","publisher":{"@id":"https:\/\/elenagarciaprocuradora.com\/#organization"},"potentialAction":[{"@type":"SearchAction","target":{"@type":"EntryPoint","urlTemplate":"https:\/\/elenagarciaprocuradora.com\/?s={search_term_string}"},"query-input":{"@type":"PropertyValueSpecification","valueRequired":true,"valueName":"search_term_string"}}],"inLanguage":"es"},{"@type":"Organization","@id":"https:\/\/elenagarciaprocuradora.com\/#organization","name":"Elena Garcia Alonso","url":"https:\/\/elenagarciaprocuradora.com\/","logo":{"@type":"ImageObject","inLanguage":"es","@id":"https:\/\/elenagarciaprocuradora.com\/#\/schema\/logo\/image\/","url":"https:\/\/elenagarciaprocuradora.com\/wp-content\/uploads\/2026\/04\/74e45ecd-b0f2-49bd-bbb1-cf7cbc90d0b4.png","contentUrl":"https:\/\/elenagarciaprocuradora.com\/wp-content\/uploads\/2026\/04\/74e45ecd-b0f2-49bd-bbb1-cf7cbc90d0b4.png","width":500,"height":500,"caption":"Elena Garcia Alonso"},"image":{"@id":"https:\/\/elenagarciaprocuradora.com\/#\/schema\/logo\/image\/"}}]}},"_links":{"self":[{"href":"https:\/\/elenagarciaprocuradora.com\/index.php\/wp-json\/wp\/v2\/pages\/8","targetHints":{"allow":["GET"]}}],"collection":[{"href":"https:\/\/elenagarciaprocuradora.com\/index.php\/wp-json\/wp\/v2\/pages"}],"about":[{"href":"https:\/\/elenagarciaprocuradora.com\/index.php\/wp-json\/wp\/v2\/types\/page"}],"author":[{"embeddable":true,"href":"https:\/\/elenagarciaprocuradora.com\/index.php\/wp-json\/wp\/v2\/users\/1"}],"replies":[{"embeddable":true,"href":"https:\/\/elenagarciaprocuradora.com\/index.php\/wp-json\/wp\/v2\/comments?post=8"}],"version-history":[{"count":46,"href":"https:\/\/elenagarciaprocuradora.com\/index.php\/wp-json\/wp\/v2\/pages\/8\/revisions"}],"predecessor-version":[{"id":375,"href":"https:\/\/elenagarciaprocuradora.com\/index.php\/wp-json\/wp\/v2\/pages\/8\/revisions\/375"}],"wp:attachment":[{"href":"https:\/\/elenagarciaprocuradora.com\/index.php\/wp-json\/wp\/v2\/media?parent=8"}],"curies":[{"name":"wp","href":"https:\/\/api.w.org\/{rel}","templated":true}]}}